86 (base 10) to base 14
-4561c
What is -323302102 (base 4) in base 10?
-244882
112152421 (base 7) to base 8
32111347
What is -3023201002 (base 4) in base 2?
-11001011100001000010
What is -3399033 (base 10) in base 4?
-30331311321
Convert -4523be (base 15) to base 13.
-8b631c
Convert -112413 (base 6) to base 14.
-373b
65d644 (base 14) to base 11
1a50547
What is 14034023 (base 5) in base 2?
100010111010100101
Convert 2210001111 (base 3) to base 10.
54715
What is -1210012200010 (base 3) in base 9?
-1705603
Convert -86096 (base 10) to base 6.
-1502332
What is 40032031 (base 5) in base 13?
b02a2
Convert 113b052 (base 15) to base 8.
57043605
1897a (base 12) to base 10
35950
32010233123 (base 4) to base 12
129b10b
-5327113 (base 10) to base 16
-514909
-116515 (base 8) to base 13
-15438
-c148b (base 14) to base 3
-212121101000
1bf09f (base 16) to base 15
262816
What is 3572757 (base 10) in base 11?
20202a1
What is 50521014 (base 7) in base 8?
20030472
What is -294125 (base 10) in base 13?
-a3b50
121133010 (base 4) to base 5
11320023
-2aa67 (base 14) to base 13
-39519
101010100110011000110 (base 2) to base 11
87384a
560576 (base 10) to base 4
2020313000
What is 103539 (base 11) in base 16?
2873b
What is -2434675 (base 8) in base 15?
-d3861
1263315 (base 8) to base 5
42311442
Convert cd757 (base 15) to base 8.
2373350
-1001000120021 (base 3) to base 2
-10000110101001110000
What is 8018 (base 13) in base 14?
65ad
Convert -150345153 (base 6) to base 9.
-5757616
101102100012112 (base 3) to base 11
3142562
Convert 200001222222 (base 3) to base 10.
355751
Convert 4333240 (base 5) to base 9.
122688
What is 715310 (base 8) in base 5?
30024412
What is 4328624 (base 12) in base 6?
1133112044
-10660817 (base 9) to base 8
-23577715
What is -309c4 (base 16) in base 14?
-527c0
Convert -312044230 (base 5) to base 9.
-2366666
What is -212613 (base 7) in base 10?
-37005
What is 6403625 (base 7) in base 10?
774464
Convert 23231032222 (base 4) to base 9.
5686584
1a404 (base 11) to base 3
1110000022
What is -222021222120202 (base 3) in base 4?
-311103301202
What is 3430244303 (base 5) in base 3?
112102110012022
What is 5a68269 (base 11) in base 3?
201212212101001
-6cbe4 (base 15) to base 5
-42100224
111110101101010110110 (base 2) to base 4
13311222312
What is -155bc (base 15) in base 10?
-68802
e6435 (base 16) to base 3
1202220202202
-163025 (base 8) to base 13
-20a6b
1110400403 (base 5) to base 15
3314d8
-6cd49 (base 14) to base 13
-94125
1001111001100010 (base 2) to base 3
2001121201
What is 2002212211111 (base 3) in base 11?
6a5209
Convert -1440041104 (base 6) to base 12.
-6003194
What is 1122122002 (base 3) in base 14?
bc01
10322230 (base 4) to base 5
1121030
-314a3b (base 12) to base 15
-104c3b
132001002000 (base 4) to base 7
123611235
Convert 56c52b (base 15) to base 13.
b2057a
1002110121102 (base 3) to base 10
579998
What is -100909 (base 10) in base 7?
-600124
Convert 100222200111 (base 3) to base 10.
196600
11101111001101111010001 (base 2) to base 5
4001314143
Convert -13ea2 (base 15) to base 10.
-64052
What is -3153d (base 14) in base 12?
-58a6b
What is 3285515 (base 11) in base 7?
66653320
Convert 15e85 (base 16) to base 15.
1b8c3
Convert -3604251 (base 8) to base 12.
-3b6209
Convert -17225 (base 16) to base 2.
-10111001000100101
Convert 1173736 (base 8) to base 13.
b5280
What is 10011001011101000 (base 2) in base 5?
10003233
1705ccc (base 14) to base 3
210021122011111
What is -1133000322 (base 4) in base 15?
-7a4a3
Convert -1000011010100010101111 (base 2) to base 7.
-24515053
Convert -4b93c (base 15) to base 2.
-111011000000101011
What is 5625650 (base 7) in base 12?
2968a5
Convert -12507111 (base 8) to base 4.
-22220321021
-508e4 (base 15) to base 14
-68da3
-199537 (base 12) to base 4
-1232102323
What is 4431233204 (base 5) in base 14?
13caab0
What is -3033110003 (base 4) in base 15?
-11b905
What is 22213301222 (base 4) in base 6?
135402322
What is -1300131231 (base 4) in base 12?
-1a26b9
What is -12100020 (base 3) in base 6?
-30010
What is -38422 (base 15) in base 10?
-179807
What is -2153010 (base 6) in base 13?
-3a34a
Convert -234325234 (base 6) to base 5.
-2112202013
Convert -436648 (base 9) to base 6.
-5331155
What is -130341 (base 6) in base 8?
-27025
What is -140213300 (base 6) in base 10?
-2816964
What is -ba288 (base 12) in base 13?
-87b33
Convert -108b7b3 (base 13) to base 10.
-5080793
What is 34a670 (base 11) in base 5?
120241310
Convert -605098 (base 10) to base 16.
-93baa
Convert -a2100 (base 12) to base 5.
-23222320
What is -577697 (base 10) in base 9?
-1070405
What is 10247264 (base 8) in base 13?
5b5726
What is 54b75b (base 12) in base 9?
2472888
What is 35253344 (base 6) in base 2?
100001011100011100000
What is -7694138 (base 10) in base 5?
-3432203023
-2b430 (base 13) to base 9
-134435
What is -50b775 (base 15) in base 8?
-16503445
-19209 (base 13) to base 10
-48681
Convert 523662 (base 8) to base 15.
36852
Convert -1713 (base 10) to base 2.
-11010110001
What is 5b46e (base 16) in base 6?
12002514
-2e9ff5 (base 16) to base 8
-13517765
Convert -1001011100110000100 (base 2) to base 16.
-4b984
Convert -31021110 (base 5) to base 13.
-8a57b
Convert -240fee (base 16) to base 3.
-11110001221101
What is 709183 (base 16) in base 14?
da072b
What is 24453301 (base 6) in base 11?
496729
265a1e (base 15) to base 11
1048731
-648b3 (base 14) to base 8
-732775
Convert -561277 (base 8) to base 11.
-11a0a7
What is -11c9c (base 16) in base 13?
-27218
-200048 (base 9) to base 10
-118142
Convert 59aa262 (base 11) to base 6.
1012203410
Convert 23153334 (base 6) to base 11.
449106
-1021023302 (base 4) to base 12
-125582
What is -3130616 (base 7) in base 9?
-634452
What is 3206108 (base 10) in base 13?
883409
What is 1111011110101001001111 (base 2) in base 12?
143823b
What is 88aa9 (base 12) in base 5?
21300111
Convert -83230a (base 12) to base 11.
-1185304
-2446423 (base 8) to base 5
-133100331
Convert -3022202 (base 5) to base 12.
-24037
Convert -2011121021020 (base 3) to base 12.
-477629
What is -773539 (base 11) in base 2?
-100101101011000110100
-260024 (base 13) to base 16
-df23e
Convert -111100000110010001101 (base 2) to base 13.
-53c481
-113051125 (base 6) to base 8
-10021635
Convert 4864d (base 15) to base 6.
4541031
-997618 (base 12) to base 11
-1416587
-10000111110001110 (base 2) to base 3
-10112100202
Convert -377454 (base 8) to base 2.
-11111111100101100
What is 75a60 (base 11) in base 4?
122331102
Convert a1a6 (base 15) to base 5.
2043011
Convert -5427241 (base 8) to base 10.
-1453729
Convert -cc0138 (base 13) to base 7.
-55533456
Convert 152674 (base 11) to base 14.
628c5
-1a332 (base 11) to base 6
-335125
Convert -1425377 (base 8) to base 16.
-62aff
Convert -100110110101010111011 (base 2) to base 12.
-5144a3
What is -727f8 (base 16) in base 15?
-93e59
-967493 (base 12) to base 8
-11041757
1124204401 (base 5) to base 8
11632207
Convert -1130212130 (base 4) to base 14.
-9c324
Convert 55935 (base 12) to base 7.
652235
-141444513 (base 6) to base 5
-1214231412
-65ba05 (base 15) to base 8
-22376163
-541164 (base 7) to base 8
-267575
Convert -1814813 (base 11) to base 7.
-35121156
Convert -313020230 (base 4) to base 7.
-1630262
Convert -2221311331 (base 4) to base 9.
-1270254
What is -1082786 (base 11) in base 12?
-7730b0
Convert 25304431 (base 6) to base 2.
11000111100101100011
What is 1084bb (base 15) in base 10?
787451
Convert 686b33 (base 12) to base 6.
55451303
What is -203224444 (base 6) in base 10?
-3518380
2770624 (base 8) to base 15
106dca
Convert eabe3 (base 16) to base 8.
3525743
Convert 476ae (base 15) to base 2.
110111100100110111
Convert -101101001011011110110 (base 2) to base 3.
-2210012210001
Convert -15db64 (base 16) to base 12.
-590b44
Convert 86b76 (base 12) to base 16.
2b70a
-1087786 (base 10) to base 12
-44560a
What is -1223112231 (base 4) in base 15?
-8a450
68737b (base 12) to base 16
19814f
Convert 1cb89 (base 14) to base 5.
4323441
Convert -11404131230 (base 5) to base 8.
-62730114
-21220222020 (base 3) to base 9
-256866
-21210012020112 (base 3) to base 10
-4137251
88046a (base 12) to base 15
2c9287
Convert 1b54b46 (base 13) to base 4.
202211001132
22b9a03 (base 12) to base 4
121213111203
What is -22025015 (base 6) in base 10?
